at is the units digit of a?
2
Suppose -110*g + 111*g - 4*z = 18429, -5*z - 55245 = -3*g. What is the ten thousands digit of g?
1
Suppose 3*n = u + 20, 2*u + 3*n = n. What is the tens digit of 67/(((-6)/(-10))/((-6)/u))?
3
Let g = -7286 - -29123. What is the thousands digit of g?
1
Let n = 667 - 625. What is the tens digit of (116250/35)/3 + (-6)/n?
0
Suppose -6872 = -2*q + 4*p, 0 = 5*q + 259*p - 254*p - 17105. What is the units digit of q?
6
Let o be 2/(((-6)/18)/(4/3)). Let s(a) = -a**2 - 12*a - 8. Let d be s(o). Let w = d + 196. What is the units digit of w?
0
Suppose -18*r = -350 - 352. What is the tens digit of (r/(-2))/(45/(-960))?
1
Let k(u) = -621*u**3 + 4*u + 5. What is the tens digit of k(-1)?
2
Let r = 7202 - 4125. What is the tens digit of r?
7
Suppose -4304116 + 1173340 = -134*r. What is the ten thousands digit of r?
2
Suppose -68 = -w + 15. Suppose -w = 5*b - 803. Suppose 0 = 19*z - 21*z + b. What is the tens digit of z?
7
What is the hundreds digit of (-88)/(-440) - (-15994)/5?
1
Let b(s) = -s**3 + 18*s**2 + 10*s - 22. Let h be -28*-5*6/(-15). Let o = h + 74. What is the hundreds digit of b(o)?
1
Suppose -6*l + 126*r - 131*r + 341122 = 0, 0 = -l - 5*r + 56887. What is the units digit of l?
7
Let t(y) = -y**2 - 5*y + 1. Let n(u) = -u**2 + 3*u + 4. Let q be n(5). Let z be t(q). What is the units digit of 5/z*-47 - 2?
5
Let t = 7647 + -3887. What is the units digit of t?
0
Let x be (-6)/(-10) - (24336/(-45))/2. Suppose -2145 = -8*j + x. What is the hundreds digit of j?
3
Let q(l) = 57*l**2 - 41*l + 1007. What is the units digit of q(20)?
7
Let d(m) = 3*m**3 - 72*m**2 + 20*m + 21. Let f be d(21). What is the units digit of f/(-3) - 4/1 - -4?
6
Let c = -23663 - -31767. What is the hundreds digit of c?
1
Let c(m) = 68*m - 107. Suppose 0 = 2*f - 6, 7*f - 21 = -3*r + 11*f. What is the units digit of c(r)?
1
Let a(y) = 35*y**2 + 7*y + 4. Let m be a(-11). Suppose 0 = 5*u + m - 13217. What is the thousands digit of u?
1
Let m = 40 - 92. Let h = -16 - 27. Let t = h - m. What is the units digit of t?
9
Suppose 0 = -4*q + 5*k - 4*k + 15254, q = 5*k + 3823. Suppose p - q = -5*l, 1527 = -l + 3*l + p. What is the units digit of l?
2
Let x(o) = -36*o - 8. Let i be x(2). Let g = i - -233. What is the tens digit of g?
5
Let q(n) = 737*n + 804. What is the hundreds digit of q(25)?
2
Suppose -20*k = 4*k - 47481 + 2697. What is the tens digit of k?
6
Let a(x) = 7*x**2 - 40*x + 1308. What is the tens digit of a(-68)?
9
Suppose 0 = -7*q + 18*q + 2024. Let z = q - -1669. What is the hundreds digit of z?
4
Let a(d) be the first derivative of 83*d + 1/3*d**3 - 1 + d**2. What is the units digit of a(0)?
3
Let g(b) be the second derivative of 0 + 3/2*b**3 - 16*b + 5*b**2. What is the tens digit of g(21)?
9
Suppose -101 = -6*w + 67. Let c be 7/(w/(-4912))*2/(-8). Suppose 4*r = c - 19. What is the tens digit of r?
7
Let r be ((-10)/5)/(-2)*(-98)/(-1). Let i be 91/3 - 6/18. Let v = r + i. What is the units digit of v?
8
Suppose 0 = -4*w + 5*c + 59 + 23, -36 = -2*w + 5*c. Suppose a + 1 + w = -3*z, 0 = a + 4*z + 29. Let g(b) = 4*b**2 + 7*b - 12. What is the units digit of g(a)?
9
Let c(v) = -41*v + 536. What is the thousands digit of c(-70)?
3
Let n = 47211 - 26587. What is the ten thousands digit of n?
2
Let q be (6 + (-85)/15)/(2/12). Suppose -n + q = 0, -5*y + n + 255 = 6*n. What is the tens digit of y?
4
Let r = 75 - 72. Let w be 1/r*(135 - 0)/3. What is the tens digit of w/(-3)*(0 - 42/5)?
4
Suppose 3*j - 2*q - 114 = 0, -3*j - q = -66 - 48. Let b = 769 - j. What is the hundreds digit of b?
7
Let q be 2/10 + 1027/65. Let f(s) = 9*s + 141. Let o be f(-11). Let u = q + o. What is the units digit of u?
8
Let m be 4/(-6)*130125/(-50). Suppose -m - 6283 = -19*x. What is the units digit of x?
2
Let w = -29 + 20. Let c be (12/27)/2 - (-29)/w. What is the units digit of ((6/(-9))/(1/c))/2?
1
Let u(b) = -131*b - 1278. What is the tens digit of u(-34)?
7
Suppose -119095 = -5*j - f - 21744, 3*f = 18. What is the thousands digit of j?
9
Let l(s) = 5*s**2 + 8*s - 37. Suppose 0 = 5*f + 58 - 73. Suppose 5*c - 15 = -5*v - 0, -f*v = -3*c - 21. What is the units digit of l(v)?
8
Suppose 0 = 8*w + 37 - 29. Let a(g) = -308*g**3 + 3*g**2 - 3. What is the hundreds digit of a(w)?
3
Suppose -372698 = 35*r - 947573. What is the thousands digit of r?
6
Suppose 614 = 8*z - 1498. What is the hundreds digit of z/1 + -24 + 16?
2
Let t = -85 + -11. Let x = -29 + t. Let i = 231 + x. What is the units digit of i?
6
Let k be 76 + -76 + (0 - (-1 - -1)). What is the units digit of (-2)/(10/(-1995)) - (k - 4)?
3
Let z(s) = 2*s**3 + 24*s**2 + 10*s - 10. Let h be z(-15). Let a = -679 - h. What is the units digit of a?
1
Suppose 0 = 28*r - 41624 - 83788. What is the units digit of r?
9
Suppose 0 = 2*j + 4*g, -2*j - 5*g - 18 = -4*j. Suppose -d = 4*i + 303, -j*i - 126 = 5*d + 157. Let o = 123 + i. What is the tens digit of o?
4
Suppose -175*t + 799145 = -3595280. What is the units digit of t?
1
Let b be (4/(-3))/((-22)/33). Suppose b*z - 5*r + 0 = -4, 4*z + r - 36 = 0. Suppose 12 = 2*u + z. What is the units digit of u?
2
Suppose -2*w + 7*w - 40 = 0. Suppose 0 = -6*c + w*c. What is the tens digit of -1 - -32 - (c + (10 - 6))?
2
Let v(k) = 5309*k + 4479. What is the units digit of v(12)?
7
What is the tens digit of ((4588/(-3))/2)/(800/(-7200))?
8
Let a(k) = 49*k - 83. Let h(q) = -25*q + 41. Let t(g) = -2*a(g) - 5*h(g). What is the tens digit of t(3)?
4
Suppose -84*c - 1161076 = -296*c + 1519876. What is the tens digit of c?
4
Let x = -528 - -985. Let n = x + -254. What is the tens digit of n?
0
Let v(r) = -17*r**2 - 16*r + 4*r**2 + 1897 - r**3 - 1926. Let i(q) = -q - 10. Let h be i(3). What is the tens digit of v(h)?
7
Let w(v) = -v**3 + 67*v**2 + 66*v - 1226. What is the units digit of w(63)?
8
Let m be ((-8)/(-5))/((-32)/20 + 2). Suppose -m*l + 144 - 52 = 0. Suppose 2 - l = -3*u. What is the units digit of u?
7
Suppose -10*b = -132 - 168. Suppose b*r - 10914 - 10116 = 0. What is the hundreds digit of r?
7
Suppose 7 = 8*z - 33. Suppose 4*m + 4*p - 26 = 6, -10 = -z*m + 5*p. What is the tens digit of (4/m + 0)/(11/1595)?
1
Suppose 31340 = 23*c - 52541. What is the hundreds digit of c?
6
Let f = -13354 + 52720. What is the tens digit of f?
6
Let q(t) = 19*t**2 + 19*t**2 - 5*t**2 + 149 - 143 - 2*t. What is the units digit of q(2)?
4
What is the thousands digit of 25778/3 - 6/(-216)*-24?
8
Suppose 9586 = 5*k - 2834. Suppose -11*q = -k - 6272. What is the tens digit of q?
9
Suppose 53513 + 64704 = 23*g + 35601. What is the thousands digit of g?
3
Let r(j) = -j**3 + 11*j**2 - 8*j + 4. Suppose 2*q - 10 = -2*i, 2*q + 3*q - i = 13. Let h be (-2 - q)*(-1)/1. What is the units digit of r(h)?
4
Suppose 2*x = -4*g - x + 235, -2*x + 177 = 3*g. Suppose -51*j - 1410 = -g*j. What is the tens digit of j?
4
Suppose -4*f - 41715 = -3*j, 5*j + 21*f = 22*f + 69525. What is the thousands digit of j?
3
Let o(t) = t**3 - t**2 - 5*t - 5. Let h be o(5). Let y be (-287)/(-35) + -10 - (-1)/(-5). What is the units digit of (-6*8/15)/(y/h)?
2
Suppose 8655 = 12*b - 309. Suppose 3*u - b = 3*k, 5*k = -u - 520 - 725. What is the tens digit of (8/(-6) - -1)*k?
8
Suppose -17*h + 223386 + 163806 = 0. What is the units digit of h?
6
Let w = -18628 + 26694. What is the units digit of w?
6
Let i = 136 - 136. Suppose -3*k + x = -2010 + 640, i = -k - x + 450. What is the units digit of k?
5
Let c(p) = 15 - 8 - 8 + 169*p. Let x be c(1). Let k = x + -92. What is the tens digit of k?
7
Let g = -29229 + 63869. What is the thousands digit of g?
4
Let m be 3 + -1 + (-5 - 8/(-2)). What is the units digit of (-2)/(-15) - ((-133008)/90 + m)?
7
Suppose -17*l + 34567 = 12993 - 187356. What is the hundreds digit of l?
2
Suppose -4*m - 5707 = -5*j + 753, 4*j - 4*m = 5164. Suppose -3*c - 5*t + 1320 = -c, -t = -2*c + j. What is the units digit of c?
0
Let f(l) = -6*l + 51. Let q be f(8). Suppose -q*u = -3*r + 573, 2*u + 10 = 20. What is the units digit of r?
6
Let q = -482 - -957. Suppose i - 279 - q = 0. What is the units digit of i?
4
Suppose 0 = -m + 4*m - 15. Suppose 2*a + 6 = m*a. Suppose 2*f + 17 = i, -a*i + 3*f = f - 44. What is the units digit of i?
7
Suppose 72*t = 74*t - 18. Suppose 0 = -t*v - 14*v + 16169. What is the units digit of v?
3
Supp